at is -1ab918 (base 12) in base 3?
-220012122202
Convert 121011002 (base 3) to base 8.
26776
What is -9c3704 (base 16) in base 8?
-47033404
-111645 (base 11) to base 10
-177798
What is -a95093 (base 11) in base 9?
-3255203
Convert -127713 (base 8) to base 2.
-1010111111001011
-259b45 (base 12) to base 14
-1215ad
What is 100001000111010 (base 2) in base 10?
16954
Convert 20405725 (base 8) to base 5.
2102002110
What is 4c38c (base 13) in base 3?
21011201210
What is -49cb0 (base 13) in base 8?
-411774
-98a216 (base 12) to base 15
-32cdac
Convert 148b6 (base 12) to base 15.
8893
What is 1eedce (base 16) in base 3?
10210222110112
What is 111011101200221 (base 3) in base 10?
6995266
What is 311990 (base 10) in base 4?
1030022312
What is -64728 (base 15) in base 14?
-842bd
Convert 1240047 (base 8) to base 10.
344103
24470354 (base 8) to base 15
71acaa
Convert -2096e (base 16) to base 11.
-91321
Convert -1245557 (base 8) to base 4.
-1110231233
What is -1010110110101100000100 (base 2) in base 7?
-33120520
102030132 (base 4) to base 13
27bca
What is -bc1d (base 15) in base 2?
-1001101110101101
What is 207e (base 15) in base 11?
5185
Convert 26770 (base 16) to base 6.
3213224
What is 231341233 (base 5) in base 7?
11603513
5742c (base 14) to base 16
33c90
Convert 1655024 (base 7) to base 14.
608bb
-641899 (base 13) to base 7
-25636465
-21552322 (base 6) to base 13
-19ac7b
-116112 (base 8) to base 4
-21301022
310321310 (base 4) to base 16
34e74
Convert -120001211211020 (base 3) to base 8.
-36430400
Convert -481685 (base 14) to base 5.
-1112301121
Convert -2234401 (base 6) to base 11.
-7851a
110010001001001000011 (base 2) to base 11
a22515
What is -55709d (base 14) in base 5?
-1220304142
Convert -1011016 (base 7) to base 12.
-5981a
What is -10010000111011110110011 (base 2) in base 8?
-22073663
What is 38157 (base 13) in base 16?
1944c
Convert -1624004 (base 7) to base 5.
-24142134
What is -156112 (base 11) in base 10?
-242376
What is -1041312 (base 5) in base 7?
-104306
Convert 502363 (base 9) to base 4.
1020200223
144705 (base 15) to base 14
1b6067
Convert -11011100010010100011 (base 2) to base 15.
-12c53c
90702b (base 12) to base 16
225b63
-1000001100000010010 (base 2) to base 8
-1014022
Convert -15304 (base 15) to base 8.
-205123
What is -62ca9 (base 16) in base 7?
-3303510
Convert -165503 (base 12) to base 8.
-1353223
Convert -282944 (base 10) to base 7.
-2255624
12712543 (base 9) to base 5
3101031112
-b3b3b4 (base 12) to base 10
-2818936
-3552635 (base 7) to base 2
-1101101110111001001
What is -a1b65d (base 14) in base 3?
-101020210101110
605718 (base 10) to base 14
11aa58
Convert 60210404 (base 7) to base 4.
102333031001
-121213122 (base 4) to base 16
-199da
637840 (base 9) to base 8
1345564
What is b0492 (base 13) in base 5?
40034331
Convert -11001011000101010011000 (base 2) to base 11.
-3835791
What is 309496 (base 10) in base 14?
80b0c
37805 (base 12) to base 13
28469
Convert 707917 (base 10) to base 15.
deb47
-303314314 (base 5) to base 11
-76a687
-22202010021220 (base 3) to base 2
-10001101110101010100100
9ab0c9 (base 13) to base 3
20212112000200
Convert 2243131 (base 5) to base 7.
225555
What is -613212 (base 10) in base 16?
-95b5c
What is 5c0084 (base 15) in base 8?
20632423
Convert -612304 (base 7) to base 13.
-384b2
-123640 (base 12) to base 15
-5cc50
What is -202001200121 (base 3) in base 7?
-3233200
Convert -bab741 (base 12) to base 3.
-12120121122011
Convert 1364027 (base 9) to base 5.
143012040
What is 241503 (base 6) in base 5?
1134020
What is -13113342 (base 6) in base 11?
-27397a
-5ca3b (base 16) to base 10
-379451
Convert 2186854 (base 10) to base 13.
5b74c7
-104340211 (base 5) to base 13
-1338a7
What is -6e081a (base 15) in base 6?
-304515241
Convert -1035438 (base 10) to base 13.
-2a33b1
Convert 1452212 (base 6) to base 11.
58748
What is ab8895 (base 16) in base 2?
101010111000100010010101
Convert -50341 (base 6) to base 14.
-25a5
Convert 232032 (base 6) to base 2.
100110110110100
21223313233 (base 4) to base 15
352461
Convert 700612 (base 8) to base 16.
3818a
Convert -6336052 (base 10) to base 14.
-bad0b2
Convert -83604 (base 9) to base 11.
-384a0
-9a76aa (base 13) to base 10
-3643780
What is -1755356 (base 13) in base 5?
-3420031403
Convert -1c25 (base 13) to base 11.
-321a
Convert -d8fbba (base 16) to base 13.
-2c3b73c
Convert 41ba183 (base 12) to base 9.
25357230
Convert -10010100000000011101 (base 2) to base 15.
-be95c
Convert 981aa3 (base 11) to base 6.
53345001
Convert 27d640 (base 16) to base 7.
31122344
What is -22523055 (base 6) in base 4?
-2221300223
Convert -106248 (base 11) to base 12.
-81bab
21233422 (base 5) to base 14
49abd
8403585 (base 9) to base 13
c12b4b
295775 (base 10) to base 9
500648
Convert 163a595 (base 11) to base 7.
32523022
Convert 100010101111110000111 (base 2) to base 6.
40223051
Convert -775871 (base 9) to base 11.
-29736a
1243b8 (base 14) to base 10
626382
What is -286d4 (base 14) in base 15?
-1ea16
Convert -132323310 (base 4) to base 2.
-11110111011110100
Convert 259532 (base 10) to base 4.
333113030
889175 (base 10) to base 14
192087
What is 252505311 (base 6) in base 10?
4892299
-148372 (base 11) to base 15
-48555
What is 10011011100010000100 (base 2) in base 7?
5262214
What is 11100100111101111110101 (base 2) in base 3?
112010011221212
What is -4050c (base 13) in base 5?
-12140401
154b57 (base 14) to base 3
1101202100201
Convert -898165 (base 12) to base 16.
-216fdd
-225402645 (base 7) to base 5
-12020130144
Convert 71b17 (base 13) to base 15.
406a3
223243303 (base 7) to base 2
110011110001111110010000
What is -155114 (base 8) in base 11?
-38a94
Convert -442334211 (base 5) to base 16.
-1d4468
Convert -24135743 (base 8) to base 9.
-10853765
-25024012 (base 6) to base 13
-21b792
-344062 (base 9) to base 12
-9b50b
-10514224 (base 6) to base 16
-4e628
1123211403 (base 5) to base 8
11574172
What is -133001103 (base 4) in base 13?
-45aaa
Convert -272aa (base 14) to base 4.
-113211012
Convert 210012011011201 (base 3) to base 4.
222331130113
What is 23012121 (base 4) in base 7?
246360
-267dc9 (base 14) to base 16
-1443cd
What is -1194ab (base 13) in base 15?
-84899
Convert -212220010102111 (base 3) to base 15.
-11ac5a7
1203345 (base 6) to base 11
43367
31232021203 (base 4) to base 3
20202202000111
Convert 31341544 (base 6) to base 16.
df7c8
Convert -100111011111000111 (base 2) to base 11.
-100572
-146002453 (base 7) to base 8
-45201633
Convert -254b15 (base 12) to base 16.
-94e41
What is -d03 (base 15) in base 16?
-b70
What is 364b1 (base 14) in base 7?
1061511
-202112220212 (base 3) to base 8
-1426071
What is -9d611 (base 15) in base 4?
-1322102002
Convert -14161061 (base 7) to base 8.
-5035252
Convert -4d50db (base 15) to base 4.
-32022123002
What is 1a1d6e (base 15) in base 4?
10312203131
222be7 (base 15) to base 3
10001210011201
-20202112002101 (base 3) to base 7
-42351661
What is 145cb (base 13) in base 10?
38361
-1910398 (base 11) to base 4
-30112010203
What is 221000121201 (base 4) in base 8?
51003141
-11221111000112 (base 3) to base 11
-1534a52
Convert 100200212220 (base 3) to base 5.
22102124
Convert b823c (base 15) to base 5.
122200012
-3044b4 (base 13) to base 11
-6a8105
-317747a (base 11) to base 7
-65332602
What is 10000001111010101 (base 2) in base 4?
100033111
-4304442 (base 6) to base 3
-101201102022
Convert a6b7 (base 16) to base 9.
64481
Convert 443710 (base 8) to base 10.
149448
8710880 (base 9) to base 8
21645230
-2aa03 (base 14) to base 9
-171648
What is 1294750 (base 10) in base 15?
1a896a
Convert -26276 (base 14) to base 16.
-16e60
What is -23300330 (base 4) in base 12?
-23a78
-22223223 (base 4) to base 7
-241365
What is -25251 (base 10) in base 4?
-12022203
Convert -7a3334 (base 13) to base 15.
-3c1c6c
881764 (base 9) to base 3
222201212011
What is 1522521 (base 6) in base 16?
15ab1
What is -15502825 (base 10) in base 4?
-323020313221
What is -829871 (base 11) in base 10?
-1330715
Convert 435202 (base 6) to base 12.
18b02
What is 1101010101000111100000 (base 2) in base 5?
1343304433
Convert 1100101000001111 (base 2) to base 15.
104d7
What is -13244243 (base 5) in base 12?
-65897
Convert 2000203442 (base 5) to base 14.
73c03b
Convert -21000212010 (base 3) to base 5.
-13412110
